86 - 99 = -9*a. Suppose -2*z = -5*z - 3*v + 210, z - a = -2*v. What is the greatest common factor of 1500 and z?
75
Let j be (-15)/75 + 66/5. Suppose r = -0 + 2, 5*r - 19 = -3*y. Suppose -5*f = y - 133. What is the greatest common divisor of f and j?
13
Let c be (-692)/8 + 1 + (-5)/(-10). Let z = 2 - c. What is the highest common factor of z and 116?
29
Let p(g) = 4*g - 4. Let n be p(13). Let v be (-181 - -1)/(((-6)/4)/1). Calculate the greatest common divisor of n and v.
24
Let h = -34614 - -34874. What is the highest common factor of 46020 and h?
260
Let a = 752 + -1976. Let v be (2/(-4))/(34/a). What is the greatest common factor of v and 90?
18
Suppose 169 = 2*p - 5*b - 127, 6 = -3*b. Let l be -13*(2 + -7 - -4). What is the greatest common divisor of p and l?
13
Let w(s) = -12*s + 85. Let x be w(7). Let n be (-3 - -18)*(1/(-5) + x). What is the highest common factor of 84 and n?
12
Let m(l) = -2*l**3 - 9*l**2 - 6*l - 37. Let f be m(-5). What is the greatest common divisor of 495 and f?
9
Let f = -2161 + 2574. What is the highest common divisor of f and 7?
7
Let g = 4683 - 4355. What is the greatest common factor of g and 1?
1
Suppose 0 = 94*k - 93*k + 6*i + 4, 2 = 3*k + 4*i. What is the greatest common divisor of 1186 and k?
2
Let p = -416 - -418. Suppose p*k - 6 = 2*l + 34, 5*k + 4*l = 118. Calculate the greatest common factor of k and 77.
11
Suppose 5*z = 209 - 184. Suppose 0 = 5*l - b - 96, -z*l + 94 = -0*b + b. Calculate the highest common divisor of l and 2.
1
Let m be (0 - -319)/(8 + -3 - 4). Calculate the highest common divisor of m and 667.
29
Suppose -115 = -3*f - 118, 0 = 2*d - 3*f - 75. Calculate the highest common factor of d and 5364.
36
Let p = -35488 + 35510. What is the greatest common factor of p and 36872?
22
Suppose -4*g = -3*t - 532 + 134, -2*t - 508 = -5*g. Suppose -5*m + 0*m + 1300 = 0. What is the greatest common divisor of g and m?
52
Suppose -5*b + 71129 = -2*i, -46580 + 117749 = 5*b + 3*i. What is the greatest common divisor of 372 and b?
93
Let r = -40 + 40. Let d(f) = 39*f + 48. Let o be d(r). Calculate the highest common factor of 864 and o.
48
Let i(u) = -2*u**2 + 34*u + 29. Let j be ((-2)/(-5))/((-10)/(-2100)). Let k = 101 - j. Let w be i(k). What is the highest common divisor of w and 87?
29
Let c(d) = 8532*d**2 - 370*d + 371. Let m be c(1). Calculate the highest common divisor of m and 161.
161
Suppose 5*k + k - 33264 = 0. Suppose 9*t = -0*t + k. Suppose -10*d + t = d. What is the greatest common factor of d and 14?
14
Suppose -j = j - 32. Suppose -2*a + a + j = 0. Let h(q) = -3*q**2 + 19*q + 18. Let f be h(7). What is the highest common divisor of a and f?
4
Suppose 92*i = 8*i - 13*i + 30555. Suppose 5*o + 0*o = 175. What is the highest common factor of o and i?
35
Let g(r) = -21*r + 11. Let s be g(-5). Let w = 42835 - 42823. What is the highest common factor of s and w?
4
Let q be ((-26)/(-3))/((-2)/18). Let s be (27/(-18))/(3/100). Let k be q/(-39)*s/4*-1. Calculate the greatest common factor of 25 and k.
25
Let i(y) = -y**3 + 12*y**2 - 12*y - 98. Let p be i(9). Let g be (-3 + 4 - -1) + (184 - 1). Calculate the greatest common factor of p and g.
37
Let a(b) = 81*b - 1. Let t be a(5). Let p = 239292 + -239191. Calculate the greatest common factor of p and t.
101
Suppose 23 = -n + 5*c - 929, -4*n - 3892 = c. Let d = -752 - n. What is the greatest common factor of 396 and d?
44
Let b = -11714 + 12434. Calculate the highest common factor of 135 and b.
45
Let p be (-1 - (-44 - 3))*130/4. What is the highest common factor of 92 and p?
23
Let p be 4 - 13 - (-18016 + 32). What is the highest common divisor of 25 and p?
25
Let v be (1 - 44/32) + 1953/24. Let m = -78 + v. What is the highest common divisor of m and 36?
3
Suppose 0 = 3*o - 832 + 205. Suppose 4*s = 2*p - 176, p - s - 86 = 2*s. Suppose p = 5*q - 3. Calculate the greatest common divisor of q and o.
19
Let b(u) = 22*u + 2. Let w = 32 - 32. Suppose -5*c + 6 - 1 = w. Let d be b(c). What is the greatest common factor of 12 and d?
12
Suppose -6*b = -3*b - 171. Suppose 45*j - 41*j = -1316. Let f = j + 348. What is the greatest common divisor of f and b?
19
Let o be -8 - -686*(-1)/(-2). Let j = o + -334. What is the greatest common divisor of 16 and j?
1
Let c = -1132 + 1121. Let m(r) = 12 - 19*r + r + 21. Let z be m(c). Calculate the greatest common factor of z and 21.
21
Let m be 8/(-2)*(-10 + (-901)/68). Suppose 5*w + d - 26 = m, -3*d + 21 = w. Calculate the greatest common divisor of w and 15.
3
Suppose 2*c = 4*c. Suppose -4*m + 5*u + 33 = 0, m + 7*u - 8*u = 7. Suppose m*s - 24 = -c*s. Calculate the greatest common factor of s and 60.
12
Let g(d) = 3*d. Let t(i) = 47*i - 16. Let x(m) = -4*g(m) + t(m). Let f be x(1). Calculate the highest common divisor of f and 342.
19
Let g be (60/45)/(1/69). Suppose -5*q + r = -97, 5*q + 2*r - 37 = 69. Suppose -2*h - q = -g. Calculate the highest common divisor of 12 and h.
12
Let j be -1 - -1 - 7*(-21 + -7). Let n = -176 + j. Calculate the greatest common factor of n and 8.
4
Suppose -5*y - 2*y - 13*y + 192080 = 0. Calculate the highest common factor of 588 and y.
196
Suppose 360 = 5*f - x + 3*x, f - 4*x = 72. Let j be 0 + 1 + (f - -2). Suppose 4*v = -153 + 213. What is the highest common divisor of j and v?
15
Let y be 66/9 - (-2)/3. Suppose 0 = 25*x - 342 - 158. What is the greatest common divisor of x and y?
4
Let q(t) = 44*t**2 - 1302*t - 28. Let r be q(30). Suppose 10*j - 3*j - 112 = 0. Calculate the greatest common divisor of r and j.
16
Let z be 0/(-12)*(-2)/4. Let u be 102/2 + z*3/15. Let i = u + -38. What is the highest common divisor of i and 143?
13
Suppose -5*n = w - 546 - 206, -3*n + 442 = -4*w. Suppose -281 = -b + 5*q, -n = -2*b - q + 423. What is the greatest common factor of 13 and b?
13
Suppose -4*i = -8*i + 4, 2*n - 3*i - 131 = 0. Calculate the greatest common divisor of n and 67.
67
Let w = -236 + 709. Suppose -6*y + 3*y + 131 = -l, -y = 2*l - 39. Calculate the highest common factor of y and w.
43
Suppose 5*v = 4*c + 33 + 3, -4*v = c - 12. Suppose 4 = -2*u, -3*d + 9*u + 31 = v*u. What is the greatest common divisor of 189 and d?
7
Let l = 140 - 84. Suppose 9*g + 2 = 11*g. Let f be (84*1)/(1/g). Calculate the greatest common divisor of l and f.
28
Let r = -117 - -121. Let y be (-261)/(r*24/(-256)). What is the greatest common factor of 24 and y?
24
Let h be (9 + (-184740)/15)/(-1). Calculate the highest common factor of 31 and h.
31
Let u = -16045 + 16129. What is the greatest common factor of 364 and u?
28
Suppose -3*l = -n - 292, 8*l + 5*n - 323 - 425 = 0. What is the highest common factor of l and 928?
32
Let h(p) = 2*p + 18. Let d be h(-9). Suppose d = 2*l + 2*l - 40. Let v(o) = 9*o**2 + 5*o - 6. Let u be v(3). Calculate the highest common factor of l and u.
10
Let w(n) = -16*n**2 + 17*n - 48. Let f be w(4). Let g = 247 + f. What is the greatest common divisor of 704 and g?
11
Let t(j) = -j**3 + j + 6. Let u be 28/14*(-3)/(-2). Let x be t(u). Let p be x/48 - 470/(-16). Calculate the greatest common factor of p and 203.
29
Let m be ((2 - 2)*-1)/(-3). Suppose -2*i + 25 - 33 = m. Let j be 5/(-20) - 577/i. What is the highest common factor of 18 and j?
18
Let j = -76 + 83. Suppose -7*s + 35 + j = 0. Let u(z) = 2*z**3 - 3*z**2 - 12*z - 2. Let d be u(s). What is the highest common factor of d and 50?
50
Let o = 61901 + -28821. Calculate the highest common factor of 20 and o.
20
Let w(y) = 12*y + 58. Let q be w(-5). Let f(o) = -29*o - 24. Let j be f(q). Calculate the greatest common factor of 374 and j.
34
Let d = 80 + -84. Let m be 2/d*(15 + -1). Let s = 9 - m. What is the highest common factor of 176 and s?
16
Let g(k) = k**2 + 4*k - 7. Let u = 78 - 83. Let s be g(u). Let x be (-40)/(-2)*(s - 24/(-10)). Calculate the greatest common divisor of x and 4.
4
Suppose -2*a + 102 = -2*l, 0 = 19*a - 20*a - 5*l + 9. Suppose -j + 1290 - 413 = 5*w, -4*w + 719 = -5*j. What is the greatest common divisor of w and a?
44
Let t = -44 - -235. Let a = -173 + t. What is the greatest common factor of a and 12?
6
Let x(i) = -4*i - 2. Let b be x(-2). Suppose -2*u - 16 = -b*u. Suppose 120 = 14*j - u*j. Calculate the highest common divisor of 108 and j.
12
Let z be (-5*2)/((-9)/180) + 0. Let l = 227 - z. What is the gre